he remainder when 931 is divided by 53?
30
What is the remainder when 318 is divided by 79?
2
Calculate the remainder when 1768 is divided by 1768.
0
What is the remainder when 459 is divided by 26?
17
What is the remainder when 136 is divided by 63?
10
What is the remainder when 414 is divided by 37?
7
What is the remainder when 78 is divided by 70?
8
Calculate the remainder when 64 is divided by 63.
1
Calculate the remainder when 565 is divided by 71.
68
Calculate the remainder when 95 is divided by 49.
46
What is the remainder when 108 is divided by 61?
47
What is the remainder when 139 is divided by 50?
39
What is the remainder when 179 is divided by 14?
11
What is the remainder when 212 is divided by 27?
23
Calculate the remainder when 426 is divided by 7.
6
Calculate the remainder when 131 is divided by 15.
11
What is the remainder when 1093 is divided by 100?
93
What is the remainder when 494 is divided by 71?
68
Calculate the remainder when 86 is divided by 36.
14
What is the remainder when 153 is divided by 103?
50
What is the remainder when 263 is divided by 38?
35
What is the remainder when 199 is divided by 67?
65
Calculate the remainder when 1375 is divided by 44.
11
Calculate the remainder when 50 is divided by 26.
24
Calculate the remainder when 351 is divided by 81.
27
What is the remainder when 165 is divided by 37?
17
What is the remainder when 6 is divided by 1?
0
What is the remainder when 672 is divided by 27?
24
Calculate the remainder when 340 is divided by 90.
70
What is the remainder when 132 is divided by 18?
6
Calculate the remainder when 626 is divided by 154.
10
Calculate the remainder when 386 is divided by 10.
6
What is the remainder when 3127 is divided by 39?
7
What is the remainder when 700 is divided by 27?
25
Calculate the remainder when 233 is divided by 59.
56
What is the remainder when 1558 is divided by 30?
28
What is the remainder when 1561 is divided by 754?
53
What is the remainder when 21 is divided by 19?
2
Calculate the remainder when 42 is divided by 12.
6
What is the remainder when 141 is divided by 123?
18
What is the remainder when 119 is divided by 24?
23
What is the remainder when 472 is divided by 60?
52
What is the remainder when 727 is divided by 27?
25
Calculate the remainder when 21944 is divided by 105.
104
What is the remainder when 295 is divided by 149?
146
What is the remainder when 21 is divided by 10?
1
Calculate the remainder when 127 is divided by 13.
10
What is the remainder when 239 is divided by 79?
2
Calculate the remainder when 35 is divided by 29.
6
What is the remainder when 7447 is divided by 50?
47
Calculate the remainder when 171 is divided by 80.
11
Calculate the remainder when 1668 is divided by 28.
16
Calculate the remainder when 321 is divided by 7.
6
What is the remainder when 734 is divided by 23?
21
What is the remainder when 529 is divided by 176?
1
What is the remainder when 248 is divided by 12?
8
What is the remainder when 72 is divided by 17?
4
What is the remainder when 103 is divided by 6?
1
Calculate the remainder when 37 is divided by 3.
1
What is the remainder when 1294 is divided by 8?
6
Calculate the remainder when 483 is divided by 6.
3
What is the remainder when 477 is divided by 80?
77
Calculate the remainder when 294 is divided by 126.
42
Calculate the remainder when 2879 is divided by 240.
239
Calculate the remainder when 390 is divided by 147.
96
Calculate the remainder when 1333 is divided by 134.
127
What is the remainder when 514 is divided by 68?
38
Calculate the remainder when 15224 is divided by 108.
104
Calculate the remainder when 231 is divided by 30.
21
Calculate the remainder when 12878 is divided by 243.
242
What is the remainder when 1466 is divided by 134?
126
Calculate the remainder when 101 is divided by 29.
14
Calculate the remainder when 207 is divided by 116.
91
What is the remainder when 854 is divided by 33?
29
Calculate the remainder when 2504 is divided by 22.
18
What is the remainder when 62 is divided by 17?
11
What is the remainder when 2144 is divided by 65?
64
Calculate the remainder when 58 is divided by 5.
3
Calculate the remainder when 5862 is divided by 13.
12
What is the remainder when 561 is divided by 71?
64
What is the remainder when 296 is divided by 148?
0
Calculate the remainder when 1665 is divided by 119.
118
Calculate the remainder when 6 is divided by 1.
0
Calculate the remainder when 961 is divided by 26.
25
Calculate the remainder when 1854 is divided by 71.
8
What is the remainder when 199 is divided by 41?
35
Calculate the remainder when 47 is divided by 12.
11
Calculate the remainder when 822 is divided by 5.
2
Calculate the remainder when 172 is divided by 35.
32
What is the remainder when 1015 is divided by 60?
55
What is the remainder when 65 is divided by 22?
21
Calculate the remainder when 82 is divided by 12.
10
Calculate the remainder when 135 is divided by 99.
36
Calculate the remainder when 41 is divided by 9.
5
Calculate the remainder when 52 is divided by 24.
4
Calculate the remainder when 254 is divided by 20.
14
Calculate the remainder when 144 is divided by 21.
18
Calculate the remainder when 70 is divided by 37.
33
Calculate the remainder when 492 is divided by 54.
6
What is the remainder when 120 is divided by 70?
50
Calculate the remainder when 958 is divided by 64.
62
Calculate the remainder when 60 is divided by 26.
8
Calculate the remainder when 328 is divided by 11.
9
Calculate the remainder when 4495 is divided by 300.
295
What is the remainder when 5173 is divided by 323?
5
What is the remainder when 265 is divided by 123?
19
Calculate the remainder when 2250 is divided by 205.
200
What is the remainder when 395 is divided by 68?
55
What is the remainder when 304 is divided by 89?
37
Calculate the remainder when 1023 is divided by 508.
7
Calculate the remainder when 359 is divided by 36.
35
Calculate the remainder when 1189 is divided by 170.
169
Calculate the remainder when 11024 is divided by 105.
104
What is the remainder when 451 is divided by 13?
9
What is the remainder when 8731 is divided by 22?
19
Calculate the remainder when 920 is divided by 185.
180
What is the remainder when 52 is divided by 9?
7
What is the remainder when 132 is divided by 27?
24
What is the remainder when 135 is divided by 52?
31
Calculate the remainder when 5347 is divided by 10.
7
Calculate the remainder when 7 is divided by 3.
1
What is the remainder when 1931 is divided by 45?
41
What is the remainder when 78 is divided by 4?
2
Calculate the remainder when 187 is divided by 2.
1
What is the remainder when 150 is divided by 75?
0
Calculate the remainder when 3102 is divided by 29.
28
Calculate the remainder when 24 is divided by 9.
6
Calculate the remainder when 516 is divided by 7.
5
What is the remainder when 242 is divided by 81?
80
What is the remainder when 699 is divided by 70?
69
What is the remainder when 117 is divided by 15?
12
Calculate the remainder when 235 is divided by 53.
23
Calculate the remainder when 9139 is divided by 3044.
7
What is the remainder when 319 is divided by 38?
15
Calculate the remainder when 516 is divided by 55.
21
Calculate the remainder when 778 is divided by 65.
63
What is the remainder when 2954 is divided by 76?
66
What is the remainder when 19093 is divided by 67?
65
Calculate the remainder when 590 is divided by 74.
72
Calculate the remainder when 1074 is divided by 74.
38
What is the remainder when 748 is divided by 58?
52
Calculate the remainder when 154 is divided by 31.
30
Calculate the remainder when 234 is divided by 14.
10
Calculate the remainder when 1444 is divided by 101.
30
What is the remainder when 395 is divided by 40?
35
Calculate the remainder when 20 is divided by 10.
0
What is the remainder when 138 is divided by 3?
0
What is the remainder when 62 is divided by 41?
21
What is the remainder when 1836 is divided by 96?
12
Calculate the remainder when 864 is divided by 10.
4
What is the remainder when 1931 is divided by 964?
3
What is the remainder when 303 is divided by 92?
27
What is the remainder when 215 is divided by 18?
17
Calculate the remainder when 479 is divided by 250.
229
What is the remainder when 66 is divided by 24?